 - 4 = 0, -3*u + 4*u - j*q = 24. Calculate the greatest common divisor of 4 and u.
4
Suppose 0 = -5*m + 2*y + 1040, -4*y + 6*y = 0. Calculate the highest common divisor of m and 13.
13
Suppose 4*q = -5*o + 69, -5*q + 0 = 2*o - 31. What is the highest common factor of 78 and o?
13
Let r(b) = -7*b**3 + b**2 + 2*b + 1. Let t be r(-1). Let o(f) = -4*f**3 - 2*f**2 - 3*f - 2. Let i be o(-2). Calculate the greatest common divisor of i and t.
7
Let r(s) = 5*s**2 - 5*s + 3. Let m be r(3). Calculate the greatest common divisor of 11 and m.
11
Suppose 3*w + 16 = 5*w. Let a(h) = h**3 + 4*h**2 + 2*h - 3. Let r be a(-3). Suppose r = 2*t + t - 168. What is the greatest common divisor of w and t?
8
Let a(v) = v**2 - 7*v + 14. Let t be a(6). Calculate the greatest common factor of 8 and t.
8
Suppose -2*m - 4*s + 56 = m, 2*s = m - 12. What is the highest common divisor of 8 and m?
8
Let c = 164 - 54. Calculate the greatest common divisor of 10 and c.
10
Let i(h) = -3*h**2 + 42*h + 3. Let s be i(13). Calculate the greatest common factor of 6 and s.
6
Let g = -1 + 11. Let b be (-5 + 1)/(g/(-115)). What is the greatest common divisor of 69 and b?
23
Let n(d) = 9*d - 6. Let t be n(10). Calculate the greatest common factor of t and 12.
12
Let o be -2 + 3 - (-69)/1. What is the greatest common factor of 14 and o?
14
Suppose 6 = 8*i - 18. What is the highest common factor of i and 21?
3
Let b be 1 - ((-27 - 0) + -2). Let v(a) = 3*a. Let y be (1 + 1 - 1)*4. Let g be v(y). What is the greatest common divisor of g and b?
6
Suppose 4*h = 0, 4*h - 12 = -3*b - b. Let o(n) = -5*n - 5. Let z be o(-4). Calculate the greatest common factor of b and z.
3
Suppose -z = -5*z + 28. Let p be 30/42 + 2/z. Calculate the highest common factor of p and 9.
1
Let h(u) = 29*u. Let d be h(8). Calculate the highest common divisor of 29 and d.
29
Let z be (-6*(-3)/15)/((-10)/(-675)). What is the greatest common divisor of 27 and z?
27
Let c be (-2)/(2/65) + 0. Let d be c/(-7) + (-12)/42. Let p = 21 - d. What is the greatest common divisor of p and 132?
12
Suppose 1 + 2 = b. Suppose 5*n + 394 = 4*v, -b*v + n + 280 = 5*n. Suppose -7*t = -3*t - v. What is the greatest common divisor of 60 and t?
12
Let n = 7 - 15. Let f = -7 - n. Let l be (126/(-9))/(f/(-2)). What is the highest common divisor of l and 308?
28
Suppose -5*f = -2*f - 297. Suppose -2*x + 5*b + 7 = 0, 0 = 2*x - 3*b - 12 - 1. What is the greatest common divisor of x and f?
11
Let l = -29 - -51. Let p(y) = -y + 2. Let b be p(0). What is the greatest common factor of b and l?
2
Suppose 13*o - 3 = 12*o. What is the highest common divisor of o and 27?
3
Let y(o) = -o**3 - 3*o**2 - 4*o - 3. Let b be y(-3). Calculate the highest common factor of 3 and b.
3
Suppose x - 36 - 68 = 0. Suppose -i + 34 + 15 = 4*c, 2*i - 20 = -2*c. Calculate the highest common divisor of x and c.
13
Let w be (0 + -6)*(-5)/15. Suppose -w*z = z - 165. Let s be 2/10 + 108/10. What is the greatest common divisor of s and z?
11
Let n(a) = -4*a**3 - 4*a**2 - 5*a. Let q(l) = -l**3 - l**2 - l. Let u(m) = -n(m) + 6*q(m). Let y be u(-2). What is the highest common divisor of y and 70?
10
Let l = -13 - -28. What is the highest common divisor of 6 and l?
3
Let s = -155 + 260. Calculate the highest common divisor of s and 42.
21
Let y(c) = 4*c - 5. Let t(r) = 13*r - 16. Let q(b) = 2*t(b) - 7*y(b). Let u be q(-4). Let k = 13 + u. What is the highest common factor of k and 3?
3
Suppose 0 = -7*k + 12*k - 95. Let d be 133 - (1 + -1 + 0). Calculate the greatest common factor of d and k.
19
Suppose 0 = -h - 0*h + 4*f + 10, -3*h = -f - 52. Let l be 16/(-72) + 580/h. What is the greatest common divisor of 80 and l?
16
Suppose 4*h + 4*q + 0*q = -264, -3*q = -3*h - 222. Let r be -1 - ((1 - 152) + 4). Let m = h + r. What is the greatest common factor of m and 19?
19
Let a be (-8)/6*(-2148)/8. Suppose a = 4*w + 62. Suppose 2*u = 36 + w. What is the greatest common divisor of 22 and u?
11
Let z = 38 - -27. Let j = 44 - 18. Calculate the highest common divisor of z and j.
13
Let x(s) = -s**3 + 11*s**2 - 3*s - 23. Let r be x(10). What is the greatest common divisor of 329 and r?
47
Suppose 6 = 6*m - 138. What is the greatest common factor of m and 36?
12
Let c(i) = i**3 - 10*i**2 + 2*i - 14. Let d be c(10). Let b be 9/d*(-4)/3. Let q be 3/b*5*-8. Calculate the greatest common factor of 15 and q.
15
Suppose o + 715 = 6*o. Let h be -2 + 6 + 2 + -2. Suppose -v = -3*p + 36, 2*v = -h*p + 88 - 30. What is the greatest common factor of o and p?
13
Let d be (3 - -1 - 2) + (-130)/(-13). What is the highest common factor of d and 12?
12
Suppose 0 = -12*o + 9*o + 36. What is the highest common divisor of o and 4?
4
Let w(v) = -v**3 - 4*v**2 + 4*v - 2. Let f be w(-5). Let n = f - -1. Let q be 4/18 + 5152/144. What is the greatest common divisor of q and n?
4
Suppose 0 = c + 4*y - 5, 4*c - 4*y + 2 = -38. Let r(i) = i**3 + 7*i**2 + i + 8. Let f be r(c). Let n = f + 3. Calculate the highest common divisor of 10 and n.
2
Suppose 3*g = -0*g. Suppose -f + 5 = -g*f. Suppose 5*q - 105 + 5 = 0. Calculate the highest common factor of q and f.
5
Let a(o) = 7*o - 5 + 5 + o**2 + 4. Let y be a(-7). Suppose k + y*k - 65 = 0. Calculate the highest common factor of k and 91.
13
Let q = -9 + -13. Let y = 24 + q. What is the greatest common factor of 10 and y?
2
Suppose -3*x = 5*r - 244 - 25, 4*x = 4*r + 412. Suppose -3*g - 2*g = 60. Let f = g + 26. What is the greatest common factor of f and x?
14
Suppose -y = -4*y + 126. Let i = y - 24. Suppose -4*x + 98 = -5*u, 4*u - 142 - 1 = -5*x. What is the greatest common divisor of i and x?
9
Let u = 21 - 11. Calculate the greatest common factor of u and 50.
10
Let h = 28 - 17. What is the highest common factor of h and 11?
11
Let i = 4 + -2. Suppose i*h = 30 + 10. What is the greatest common divisor of h and 50?
10
Let i = 73 + -43. Let d(s) = 5*s**2 - 2*s + 1. Let b be d(2). Let y = b - -58. Calculate the highest common factor of i and y.
15
Let w(p) = 4*p**2 - 2*p - 1. Let q be w(-1). Suppose 0 = -n - 5*d, -80 = -q*n - 3*d - 2*d. Let o = 180 + -80. Calculate the highest common factor of n and o.
20
Suppose 3*w - 12 = 2*w. Suppose 0 = -5*v + 33 + w. Suppose -2*c + 143 = i, -5*c - 2*i + 367 = v. Calculate the greatest common divisor of 9 and c.
9
Let q(v) = -v**3 - v**2 + 1. Let d be q(-2). Calculate the greatest common divisor of d and 5.
5
Suppose 0 = 4*g + 3*j - 19 + 4, 3*j = -g + 6. Suppose -g*o + 55 = 2*o. Let r = 16 - o. Calculate the highest common divisor of r and 40.
5
Let r(v) = 17*v - 4. Suppose 0 = 2*d + 2 - 14. Let g be r(d). What is the greatest common factor of g and 14?
14
Suppose -5*p + 400 = 5*b, 2*p = p - 3*b + 72. Calculate the highest common factor of 112 and p.
28
Suppose -2*n + 0*n + 10 = 0. Suppose -5*q - 2*m + 42 = 0, 2*m = -n*q + 3*m + 54. Let t be (50/(-30))/(1/(-36)). What is the highest common factor of q and t?
10
Let f = 10 - 4. Suppose -f*l + l + 75 = 0. Let m be (0 + 6)/(1/5). What is the greatest common divisor of l and m?
15
Let l(m) = m**3 - 3*m**2 - 4*m - 1. Let v be l(4). Let t be (-9)/(-27) + v/3. Let f be 2 + 3 - t - -2. Calculate the greatest common divisor of 35 and f.
7
Let a(f) = f**2. Let g = -22 - -16. Let o be a(g). What is the highest common factor of o and 54?
18
Let v be 8/6*(-6)/(-4). Suppose -p - p = 6. Let j be 13 - (1 - (p + 7)). What is the highest common factor of v and j?
2
Let i = -32 - -107. Let c = i - 19. What is the highest common factor of 7 and c?
7
Let z be 31 + (-1)/(3/3). Calculate the highest common factor of z and 45.
15
Suppose 3*o - 168 = -7*u + 4*u, -3*o + 3*u + 144 = 0. What is the greatest common factor of 26 and o?
26
Let y = -104 + 105. What is the greatest common divisor of 11 and y?
1
Let g(h) = -2*h**3 - 2*h + 1. Let b be g(-2). What is the greatest common factor of b and 3?
3
Let k be -4*13*46/8. Let o = -187 - k. Calculate the greatest common divisor of o and 14.
14
Let p(j) = 4*j - 1. Let q be p(-1). Suppose -3*y + 31 - 1 = 0. Let d = y + q. What is the highest common divisor of 25 and d?
5
Let f be 1*(-75)/(1 - 6). What is the highest common factor of f and 120?
15
Let q = 76 - 58. Calculate the greatest common divisor of 2 and q.
2
Suppose u - 2*a + 103 = 18, 5*u + 469 = -a. Let f = 17 - u. 